its digit of n?
4
Let g be (-16)/(-7) - 10/35. Suppose 2*b + g*b = -8. What is the tens digit of (3/(3/b))/1 - -35?
3
Let u = 3941 - -4717. What is the hundreds digit of u?
6
Let j be ((-50)/(-6))/((-1)/(-3)). Let u be ((-9)/(-3))/(-6)*70. Let k = j - u. What is the units digit of k?
0
Let s = 15 + -13. Suppose 3*r + s*r - 6458 = -h, 5*r = 5*h + 6440. Suppose -r = -9*q + 77. What is the units digit of q?
2
Let c(u) = 49*u**2 - 6*u + 99. What is the thousands digit of c(13)?
8
Suppose -3*v = v. Suppose 5*q + v*x = 2*x + 35, -3*q - 3*x = 0. Suppose 0 = -2*h + 3*y + 293, q*y + 585 = 11*h - 7*h. What is the tens digit of h?
4
Suppose -15*c + 10*c = -5*w - 35, -5*w + 19 = 4*c. Let i be ((-14)/(-4))/(2/4). Suppose c*q - i*q = -132. What is the units digit of q?
2
Suppose -2*t - 32 = z, 0*t - 69 = 2*z + 5*t. Let h(i) = 16*i - 31. Let s be h(-9). Let v = z - s. What is the units digit of v?
3
Let i = -569 + 1732. Suppose 2*w = -2*w + 3*r + 1151, 4*w + r = i. What is the tens digit of (-2)/(3 - w/95)?
3
Suppose -2*c + 743 = 2401. Let p = c + 1393. What is the tens digit of p?
6
Suppose -4*g + 15 = -3*r - 100, 0 = 2*g - 5*r - 61. Let q(y) = 20*y**3 - 2*y**2 - 12*y - 11. Let p be q(-1). Let k = g - p. What is the tens digit of k?
4
Let o be (-9)/3*2308/(-6). Let q = o + -690. What is the tens digit of q?
6
Suppose k - 119058 = -3*q, -q + 512*k = 514*k - 39686. What is the units digit of q?
6
Let q be 27*(-7 - 1093/(-3)). Suppose -3288 = 6*y - q. What is the tens digit of y?
6
Let g be 3 + -3 + -5 + -333. Let o = g + 110. What is the tens digit of 3 + 2/((-8)/o)?
6
Let a be 1 - ((-3 - -1) + -22). Suppose 59 - a = 2*k. Suppose -2*p - 3*u + k = 0, -2*u + 6 = 4*p - 8. What is the units digit of p?
1
Let i(o) = 11*o**2 - 15*o + 91. Suppose -8*v - 191 = -271. What is the units digit of i(v)?
1
What is the units digit of 89887*22/(-154)*-3?
3
Suppose 3*o - 5*v + 1022 = 0, -4*v + 6*v + 359 = -o. Let f = 525 + o. What is the units digit of f?
6
Let l = 67 + -67. Suppose t + 2 + 16 = l. Let w = t + 98. What is the tens digit of w?
8
What is the tens digit of 31 + -11 - 20 - (-807 - 1)*2?
1
Let c(o) = -o**2 + 7*o - 1. Let m be c(5). Suppose -m*p + 930 = -3*p. What is the units digit of p?
5
Let z = -369 - -395. Suppose z*c - 13572 = -3*c. What is the tens digit of c?
6
Let r be -23948*(-2)/4*(-8)/(-16). Suppose -17*j + 65 + r = 0. What is the tens digit of j?
5
Let c = 163 + -70. Let b = -11 + -72. Let a = b + c. What is the tens digit of a?
1
Let y = -21 + 72. Suppose -y*o + 3848 + 283 = 0. What is the units digit of o?
1
Suppose -83089 + 699715 = 43*l + 63130. What is the ten thousands digit of l?
1
Let i = 3333 + -2265. Suppose 49*p + i = 52*p. What is the tens digit of p?
5
Let t be (-1)/4 - 65/(-20). What is the units digit of ((-2*4)/(-2))/(t/312)?
6
Suppose h - 4*z = -4*h + 138, -96 = -4*h - 4*z. Suppose -23*d = -h*d + 1305. What is the units digit of d?
5
Suppose -224*s + 11833468 = -916388. What is the hundreds digit of s?
9
Let n = -1336 + 3671. Suppose 6*t + 83 = -n. What is the units digit of 2*4/36 + t/(-9)?
5
Let l be 1*(-2 - 3) + 745. Suppose l*r + 132 = 743*r. What is the units digit of r?
4
Suppose 2041*t - 2048*t = -53067. What is the tens digit of t?
8
What is the thousands digit of (2 - (-13728)/18)*(-588)/(-56)?
8
Suppose 0 = -a + 50 - 35. Suppose 7*d - 6 = a. Suppose 3*l - d = -0*l, 5*l - 299 = -3*o. What is the units digit of o?
8
Let n = 10075 + -9654. What is the units digit of n?
1
Let g(t) = 2*t**2 + 21*t + 12. Let w be g(-10). Suppose w = -4*c - 10. What is the hundreds digit of (-7 - -14 - -167)/(c/(-2))?
1
Let d be -36*((-424)/32 + 2). Suppose 51*h = 56*h - d. What is the tens digit of h?
8
Let o = 1 - 4. Suppose 23*x + 21*x - 132 = 0. What is the units digit of (-7)/(-14)*(x/o - -51)?
5
Let d(h) = -h**2 + 11*h - 23. Let o be d(10). Let a = o + 16. Suppose -5*j + 340 = a*x, -3*x + x - 55 = -j. What is the units digit of j?
5
What is the units digit of 225789/12 + (18 - (-497)/(-28))?
6
Let r(c) be the third derivative of -11*c**6/120 - c**5/60 + c**4/8 - c**3/6 + 314*c**2. Let y be (2 - 0) + (-4)/1. What is the units digit of r(y)?
7
Let d = -5851 - -9647. What is the hundreds digit of d?
7
Let r = 36 - -425. Let c = r - 5. What is the units digit of c?
6
Let o(y) = 94*y - 1 + 74*y - 73*y - 41. What is the units digit of o(2)?
8
Suppose -2 = -3*v - a, v + 10 = -0*a - 3*a. Suppose 5*k = k + 3*t - 23, 0 = -2*k + v*t - 10. What is the units digit of 1268/36 + k/36?
5
Suppose -g + 4*g = -z - 2210, -5*z = 3*g + 2230. Let i = -289 - g. What is the hundreds digit of i?
4
Suppose 4*s - 4*o = 37700, 5*s - 2*o = -7102 + 54245. What is the tens digit of s?
3
Let r(l) = l**3 + 7*l**2 + 8*l + 1. Let m be r(-5). Suppose -m*q + 4923 - 281 = 0. What is the units digit of q?
2
Let p(z) = -306 - 39*z - 39 + 115 - 156 + 223*z. What is the tens digit of p(10)?
5
Let n be (-4)/((-280)/399 + 4/6). Suppose 3*f = -12, -3*y + 23 = -2*f - n. What is the tens digit of (y*(1 - -3))/2?
8
What is the units digit of -5613*(9/(-6) - (-195)/234)?
2
Let m = -82 + 375. Suppose m*h - 12661 = 282*h. What is the thousands digit of h?
1
Suppose 6 = -4*g + 6*g. Let s(a) = 4*a - 5*a + 51 + g*a + 33. What is the tens digit of s(0)?
8
Let a(g) = -3*g**3 + 68*g**2 - 36*g + 125. What is the thousands digit of a(19)?
3
Let c be 2*(-1)/(-8) - (-159)/4. Let g = 49 - c. Suppose -14*u + g*u = -425. What is the tens digit of u?
8
Suppose -w - 3 = -3*s, 0 = 17*w - 19*w + 3*s. Suppose -4*l - 2*c - c = 0, 2*c + 23 = 5*l. Suppose l*h = g + 84, -h + 10 + 18 = w*g. What is the tens digit of h?
2
Suppose 0 = -3*b + 2*p + 30466 - 1180, 39031 = 4*b + 3*p. Suppose 40*a = 56*a - b. What is the units digit of a?
0
Let s(n) = 57*n**2 - 311*n - 215. What is the hundreds digit of s(26)?
2
Let h(p) = 40*p**2 + 14*p - 138. Let g be h(6). Suppose g = 20*d - 13*d. What is the tens digit of d?
9
Suppose 5*l - 1831 = 2*y - 5*y, 2*l - 727 = -3*y. Suppose -4*x + x = 2*c - l, -4*c - 8 = 0. What is the tens digit of x?
2
Suppose 0 = 4*h - 2*h + 3*b - 433, h = b + 224. Let t = -116 + h. What is the tens digit of t?
0
Let b(z) = 20*z**3 - 16*z**2 + 27*z + 29. Let f(s) = -4*s**3 + 3*s**2 - 5*s - 6. Let g(k) = -2*b(k) - 11*f(k). What is the hundreds digit of g(3)?
1
Suppose -3*a = 2*t - 33190, -30 = 2*t - 16. What is the thousands digit of a?
1
Suppose 861966 = -44*c + 2323362 + 1883748. What is the ten thousands digit of c?
7
Let b(v) = -v**3 - 7*v**2 - 8*v + 12. Let p be b(-5). Suppose p*a + 10*a = 6*a. Suppose a = 3*m - m - 312. What is the hundreds digit of m?
1
Let f(j) = 1657*j + 1885. What is the thousands digit of f(7)?
3
Suppose 0 = -18*r + 15*r - 6, 2*d + 2*r - 18052 = 0. What is the thousands digit of d?
9
Let j(z) = -4*z**3 - 17*z**2 - 6*z - 21. Let w be j(-7). Let u = 1212 - w. What is the tens digit of u?
5
What is the thousands digit of 6 + ((-91304)/(-10))/((-20)/(-50)) + -6?
2
Let i = 5432 - 3750. What is the tens digit of i?
8
Let n be (-2 - 0) + 1/(2/30). Suppose n = 5*z - 7. Suppose z*s = -5*h + 100 + 358, h + 119 = s. What is the tens digit of s?
1
Let i be 2/(-3)*75/25. Suppose -a = 3 + 1. What is the tens digit of 156/i*4/24*a?
5
Let u be (-2)/((2/4)/(5/(-5))). Suppose 5*h - 3045 = -4*o, -u*o - 1805 = -3*h - 2*o. What is the hundreds digit of h?
6
Let m = -84 + 85. Let t be (-7)/(-5) + m - (-10)/(-25). What is the units digit of t/(16/(-2)) - 90/(-8)?
1
Let n = 126 - 126. Suppose 33*j - 20*j - 104 = n. What is the units digit of j?
8
Suppose 31*p - 32757 = 28*p. What is the ten thousands digit of p?
1
Let p(m) = -m**3 + 11*m**2 - 3*m + 8. Let h be p(9). Suppose -2*w + 3*w - 125 = -3*q, w - 3*q = h. What is the tens digit of w?
3
Let a = -493 + 539. Suppose d + a*d - 29563 = 0. What is the tens digit of d?
2
Let l be 4/(20 + 4)*1002. Let v = l - -13. What is the units digit of v?
0
Let k(f) = 2*f**2 + 52*f + 21. Suppose -12*y + 8*y - 104 = 0. Let u be k(y). What is the hundreds digit of -1 - (-15)/u - 6776/(-49)?
1
Let y = -410 - -390. Let a(t) = 10 - 28 + 21*t**2 + 16*t + t**3 - 9. What is the tens digit of a(y)?
5
What is the units digit of ((-287)/123)/((-7)/16563)?
1
Let s(r) = 140*r - 25. Let m be s(21). What is the tens digit of m/15 + -1 + (-15)/(-9)?
9
Let c be -9 + 6 + (18 - -1)